
What is the remainder when 7907 is divided by 376?
11
What is the remainder when 199758 is divided by 492?
6
What is the remainder when 665 is divided by 29?
27
What is the remainder when 156946 is divided by 50?
46
Calculate the remainder when 2535 is divided by 6.
3
What is the remainder when 5272 is divided by 4682?
590
Calculate the remainder when 2878 is divided by 250.
128
Calculate the remainder when 10331 is divided by 553.
377
Calculate the remainder when 12652 is divided by 158.
12
Calculate the remainder when 82891 is divided by 23.
22
Calculate the remainder when 8271 is divided by 69.
60
Calculate the remainder when 53128 is divided by 42.
40
Calculate the remainder when 124399 is divided by 163.
30
Calculate the remainder when 12194 is divided by 2007.
152
Calculate the remainder when 1334 is divided by 1168.
166
What is the remainder when 73483 is divided by 71?
69
Calculate the remainder when 10734 is divided by 64.
46
What is the remainder when 2743205 is divided by 8?
5
Calculate the remainder when 45411 is divided by 1621.
23
What is the remainder when 1356 is divided by 591?
174
Calculate the remainder when 46869 is divided by 46840.
29
Calculate the remainder when 141368 is divided by 548.
532
What is the remainder when 4123 is divided by 863?
671
What is the remainder when 21119 is divided by 422?
19
Calculate the remainder when 11327 is divided by 13.
4
What is the remainder when 448593 is divided by 245?
243
What is the remainder when 13114 is divided by 1008?
10
What is the remainder when 3333986 is divided by 868?
866
What is the remainder when 1821 is divided by 291?
75
What is the remainder when 8657 is divided by 61?
56
Calculate the remainder when 6250 is divided by 23.
17
What is the remainder when 13294 is divided by 312?
190
Calculate the remainder when 672096 is divided by 47.
43
Calculate the remainder when 513 is divided by 179.
155
What is the remainder when 20007 is divided by 203?
113
What is the remainder when 1153151 is divided by 448?
447
What is the remainder when 5340206 is divided by 102?
98
Calculate the remainder when 3209 is divided by 200.
9
Calculate the remainder when 49690 is divided by 32.
26
Calculate the remainder when 3490907 is divided by 61.
60
Calculate the remainder when 4211 is divided by 13.
12
Calculate the remainder when 276138 is divided by 46022.
6
What is the remainder when 19327 is divided by 429?
22
What is the remainder when 21138 is divided by 29?
26
Calculate the remainder when 4154 is divided by 605.
524
Calculate the remainder when 309610 is divided by 360.
10
What is the remainder when 11604 is divided by 53?
50
What is the remainder when 8674 is divided by 4191?
292
What is the remainder when 534476 is divided by 255?
251
What is the remainder when 4291 is divided by 81?
79
What is the remainder when 67602 is divided by 172?
6
Calculate the remainder when 6296 is divided by 1482.
368
What is the remainder when 11622 is divided by 335?
232
Calculate the remainder when 30131 is divided by 43.
31
What is the remainder when 2221 is divided by 139?
136
What is the remainder when 331461 is divided by 331435?
26
What is the remainder when 104244 is divided by 250?
244
What is the remainder when 213988 is divided by 3?
1
Calculate the remainder when 94870 is divided by 24.
22
Calculate the remainder when 1687 is divided by 528.
103
What is the remainder when 6326 is divided by 48?
38
Calculate the remainder when 696459 is divided by 359.
358
Calculate the remainder when 10360 is divided by 10345.
15
What is the remainder when 835 is divided by 578?
257
What is the remainder when 7008369 is divided by 87?
84
What is the remainder when 66804 is divided by 9543?
3
Calculate the remainder when 3003 is divided by 1071.
861
Calculate the remainder when 2317 is divided by 766.
19
What is the remainder when 139502 is divided by 2146?
12
Calculate the remainder when 1342 is divided by 1164.
178
Calculate the remainder when 1256040 is divided by 131.
12
What is the remainder when 1154463 is divided by 110?
13
What is the remainder when 75007 is divided by 33?
31
Calculate the remainder when 89751 is divided by 1246.
39
What is the remainder when 118743 is divided by 55?
53
Calculate the remainder when 2681 is divided by 336.
329
What is the remainder when 17439 is divided by 601?
10
What is the remainder when 19877 is divided by 103?
101
What is the remainder when 1723017 is divided by 15?
12
What is the remainder when 452328 is divided by 1760?
8
What is the remainder when 1742 is divided by 37?
3
What is the remainder when 1050430 is divided by 36?
22
Calculate the remainder when 402754 is divided by 773.
21
What is the remainder when 1284897 is divided by 25?
22
What is the remainder when 1481 is divided by 116?
89
Calculate the remainder when 44792 is divided by 11194.
16
Calculate the remainder when 52896 is divided by 481.
467
Calculate the remainder when 143538 is divided by 932.
10
Calculate the remainder when 3257 is divided by 248.
33
Calculate the remainder when 198643 is divided by 4414.
13
What is the remainder when 1950 is divided by 934?
82
Calculate the remainder when 72078 is divided by 9.
6
Calculate the remainder when 32507 is divided by 8101.
103
Calculate the remainder when 674 is divided by 657.
17
What is the remainder when 83071 is divided by 146?
143
What is the remainder when 172174 is divided by 408?
406
Calculate the remainder when 16445 is divided by 3995.
465
What is the remainder when 15333 is divided by 122?
83
What is the remainder when 27175 is divided by 1109?
559
What is the remainder when 125046 is divided by 8?
6
What is the remainder when 37128 is divided by 652?
616
Calculate the remainder when 44185 is divided by 1715.
1310
What is the remainder when 8239 is divided by 905?
94
Calculate the remainder when 1030 is divided by 788.
242
Calculate the remainder when 26488 is divided by 3307.
32
Calculate the remainder when 598013 is divided by 8.
5
What is the remainder when 933 is divided by 840?
93
What is the remainder when 30398 is divided by 44?
38
Calculate the remainder when 16932 is divided by 30.
12
Calculate the remainder when 22809 is divided by 43.
19
What is the remainder when 17110 is divided by 1711?
0
Calculate the remainder when 68895 is divided by 8611.
7
What is the remainder when 1120248 is divided by 1227?
1224
What is the remainder when 3611 is divided by 1017?
560
Calculate the remainder when 47073 is divided by 266.
257
Calculate the remainder when 5478 is divided by 657.
222
What is the remainder when 33020 is divided by 200?
20
What is the remainder when 270483 is divided by 5880?
3
Calculate the remainder when 9959 is divided by 902.
37
What is the remainder when 8177 is divided by 9?
5
Calculate the remainder when 396411 is divided by 1906.
1869
What is the remainder when 37152 is divided by 1482?
102
Calculate the remainder when 45635 is divided by 68.
7
Calculate the remainder when 234158 is divided by 518.
22
Calculate the remainder when 7413 is divided by 135.
123
What is the remainder when 6247294 is divided by 464?
462
Calculate the remainder when 13050 is divided by 651.
30
What is the remainder when 554538 is divided by 46?
8
What is the remainder when 9622 is divided by 374?
272
What is the remainder when 12861 is divided by 116?
101
What is the remainder when 5267 is divided by 173?
77
Calculate the remainder when 11132 is divided by 19.
17
Calculate the remainder when 25399 is divided by 1189.
430
What is the remainder when 896 is divided by 282?
50
Calculate the remainder when 10914 is divided by 280.
274
Calculate the remainder when 10677 is divided by 40.
37
Calculate the remainder when 83359 is divided by 482.
455
Calculate the remainder when 294748 is divided by 14737.
8
What is the remainder when 1309 is divided by 1306?
3
What is the remainder when 17160 is divided by 130?
0
What is the remainder when 2058 is divided by 206?
204
What is the remainder when 33599 is divided by 1527?
5
What is the remainder when 5655 is divided by 7?
6
What is the remainder when 4144 is divided by 594?
580
What is the remainder when 8964 is divided by 61?
58
Calculate the remainder when 59506 is divided by 86.
80
Calcul